Let c(r) = -r - 2. Let n(j) = 6*c(j) + 2*t(j). Give n(-14).
-6
Let j = 23 - 12. Suppose 15 = 2*s + j. Let x(d) = 1 - 5*d**2 - d - d - d**s + 5*d**2. Give x(3).
-14
Let u(f) = f - 2. Suppose 13*t - 504 = 17*t. Let m = t - -135. Let b be m*-2*38/(-114). Calculate u(b).
4
Let o(y) = -10*y. Let x be (80/(-12) + 3)*(-10 - (11 - 18)). Give o(x).
-110
Suppose 5*r + 16 = 4*x + 6*r, -x = -3*r - 17. Let u(l) be the first derivative of 22 + 1/3*l**3 - 5/2*l**2 + 4*l. Calculate u(x).
4
Let a = -87 + 94. Let j(w) be the third derivative of -w**4/8 + 2*w**3/3 - 565*w**2 - 2*w. Determine j(a).
-17
Let h(k) = k**3 + 10*k**2 + 7*k - 11. Let x be (-135)/(-225)*(-120)/9. Give h(x).
61
Let z(w) = w**3 - 5*w**2 - 5*w - 1. Suppose 10*o - 132 + 32 = 0. Suppose 92*r = 90*r + o. Determine z(r).
-26
Suppose 3*n + 2 = 5. Let p(t) = -1. Let v(o) be the second derivative of -11*o**3/6 + 2*o**2 - 11*o - 6. Let b(x) = n*v(x) + 6*p(x). Give b(2).
-24
Let p(t) be the third derivative of 3*t**5/20 - t**4/6 + 3*t**3/2 - 71*t**2. Let c(m) = 4*m**2 - m + 4. Let i(q) = 7*c(q) - 3*p(q). Determine i(-5).
1
Let k(r) be the first derivative of 1/4*r**4 + 5/3*r**3 - 7/2*r**2 + 409 - 2*r. Let u be (1 - 0)/((-2)/12). Determine k(u).
4
Let i = -157 - -161. Let n be (0 - i) + (-18 - -21). Let m(c) = -4*c**2 + c + 1. Calculate m(n).
-4
Suppose -38*j = -39*j - 55. Let l be j + 56 - (3 + 1). Let s(y) = -2*y - 5. Calculate s(l).
1
Let s(b) = 2*b**2 - 4*b - 1. Suppose -5*n = 2*c + 28, 4*c + 70 = -c + 2*n. Let h be c + 7 + -6 + 15. Give s(h).
-1
Let g(w) = -194*w + 73*w + 69*w + 60*w. Give g(-9).
-72
Let r(b) = b**2 + 2*b + 4. Let m be r(-3). Let c(l) = -165*l + 3. Let o be c(0). Let d(z) = -1 + 0*z**2 - 4 + z**3 + m*z**2 + o*z - 13*z**2. Give d(6).
13
Let s(o) = -6526182*o - 2*o**3 + 36*o**2 + 6526182*o. Give s(18).
0
Let f(w) be the second derivative of w**3/6 - 11*w**2/2 + 3701*w. Give f(5).
-6
Let s = 10 - 7. Let l(a) = -1 + 2 - s*a**2 + 58*a - 60*a. Let t = 2343 - 2345. What is l(t)?
-7
Let b(j) = 3*j + 0*j**2 + j**3 - 6*j**2 + 2*j + 1. Suppose -178 = 2*l - 214. Let a(d) = 6*d - 103. Let c be a(l). Determine b(c).
1
Suppose 22*k - 21 - 57 = -17*k. Let i(g) = 7*g**3 - 8*g**2 + 7*g. Let y(z) = 15*z**3 - 17*z**2 + 15*z. Let q(u) = -13*i(u) + 6*y(u). Calculate q(k).
-2
Let r = -9425 + 9420. Let y(n) = -n**2 - 38*n - 164. Calculate y(r).
1
Suppose 0 = 2447*k - 2436*k + 11. Let h(i) be the second derivative of -11*i**3/6 - i. Give h(k).
11
Let j(n) = 3*n + 48. Let v = -12815 + 12811. Determine j(v).
36
Let c be 3/(24/424)*(-1 + -4). Let i = 272 + c. Let o(b) = 4*b**2 + 25*b + 23. Let s(z) = z**2 + 8*z + 8. Let u(t) = 2*o(t) - 7*s(t). What is u(i)?
-3
Let r(n) = 3*n - 5. Let g = 262 - 259. Suppose -5*m - g = v - 4*m, -m + 9 = -3*v. Determine r(v).
-14
Let x = 145 + -136. Let f(l) = -22 + x + 4 + 3*l + 8. What is f(3)?
8
Let q(f) = -4 + f - 8 + 7*f. Let p(j) = -j + 2. Let g be 3/(-5)*(-75)/45. Let o(w) = g*q(w) + 6*p(w). What is o(-5)?
-10
Let b(g) = 26*g**2 - 102*g - 6. Let v be b(4). Let p(l) = l + 150*l**2 - 8 - 70*l**v - 79*l**2. Let u be (-3)/9 - (-1)/3. Give p(u).
-8
Let n(y) = -y + 6 - 23*y - 4*y - 2*y + 59*y. Determine n(-2).
-52
Let z(v) = v - 12. Let k(f) = -12 - 38 - f**2 - 18*f + 38. Suppose -3*l = -0*l + 51. Let d be k(l). Determine z(d).
-7
Let z(h) = 31*h + 6. Suppose 3116*p - 3106*p - 5 - 15 = 0. What is z(p)?
68
Let y(o) = -o**2 + 22*o + 56. Let p = -1736 + 1760. Determine y(p).
8
Suppose -h + 7 - 4 = 0. Suppose -2*z + 0 = -4*y + 8, 0 = h*z. Let q(m) = 0*m - m**2 + m - m**y + 5*m**2. Give q(-1).
2
Let w(k) = 29*k - 117. Let g(a) = -12*a + 55. Let d(o) = 5*g(o) + 2*w(o). Calculate d(18).
5
Let z(j) = 2*j**3 + 5*j**2 + 2*j - 2. Let p = -5 - -7. Suppose -x + 133 = 198*v - 195*v, 2*x - 134 = -3*v. Suppose 0 = -p*l + v - 50. Give z(l).
-17
Let n(a) = 27*a**2 - 76*a**2 + 51*a**2 - 44*a - 49. What is n(23)?
-3
Let x(t) = -2 - 16172*t**2 + 15*t - 19*t + 16173*t**2. Let g(o) = -o**3 + 2*o**2. Let d be g(2). Suppose -c = -4, 3*c + d*c - 2 = 2*b. Give x(b).
3
Let m = -216 + 656/3. Let c(f) be the third derivative of -1/24*f**4 + 0 + m*f**3 - 16*f**2 + 0*f. Determine c(8).
8
Let o be (0 - 30/(-9)) + (-10)/30. Suppose -3*j - 3 = -4*j. Let u(a) = -5*a - j + 2*a + 2*a. Calculate u(o).
-6
Let y(d) = d**2 - 14*d + 81. Let z(b) = -b**2 + 12*b - 68. Let c(p) = 6*y(p) + 7*z(p). Give c(-8).
-54
Let h(q) = 2*q - 15. Suppose -3*l - 4*f + 22 = -6, -f + 10 = l. Suppose 63*s - l = 61*s. Give h(s).
-3
Let a(o) = o**2 + 24*o + 2. Let v(z) = 2*z**2 + 41*z + 8. Let m(p) = 5*a(p) - 3*v(p). Calculate m(5).
-54
Let n(v) = v**3 + 9*v**2 + 23*v + 63. Let r be n(-7). Let q(o) = 3*o + 3 + 3 + 5 + r - 9. Let a(g) = g**2 - 4*g + 2. Let i be a(4). Calculate q(i).
8
Suppose i = -4*i + 20. Let r(x) be the first derivative of -x**3/3 + x**2 - 9*x + 8752. Give r(i).
-17
Let r be 1/(2 + (-39)/21). Let p(u) be the third derivative of 3/2*u**3 - 5/12*u**4 - 12*u + 1/60*u**5 + 0 + 3*u**2. Calculate p(r).
-12
Let s(v) = -2*v + 42. Let z = 1836 + -1823. Calculate s(z).
16
Let o(d) = 3 - 5*d + 1 - 6 + 0*d. Suppose -5*p + 3*c = -154, -5 = -3*p + 2*c + 87. Let w = -34 + p. Determine o(w).
8
Suppose p - 1 = 1. Let l(x) = 337335*x + 0 - 337331*x - 3*x**2 - 3. What is l(p)?
-7
Let o(t) = 10*t + 3. Let i(g) = -40*g - 17. Let u(a) = -i(a) - 5*o(a). What is u(5)?
-48
Let t(r) = r**3 - 14*r**2 + 19*r - 9. Let n(j) = 3*j**3 - 44*j**2 + 57*j - 26. Let s(c) = -2*n(c) + 7*t(c). What is s(8)?
13
Let h be (2 + -7)*3/30*30/(-3). Let x(t) = -8*t + 59. What is x(h)?
19
Let x(l) = 1 + 158*l + 85*l - 329*l + 84*l. Suppose 0 = -4*m + 5*w + 12, 4*m + 2*w - 3*w - 28 = 0. Let g be 18/14 - m/28. Determine x(g).
-1
Let h(c) = 2*c**2 - c + 1. Let d(n) = 5 - 3 + 0 + 0*n**2 + 3*n**2 + 3 - 3*n. Let p(w) = -d(w) + 2*h(w). Let i be -1 + 2 + -2 + -2. Give p(i).
3
Let v(i) be the third derivative of i**6/120 - 7*i**5/60 - i**4/6 + 3*i**3/2 - 63*i**2 - 30. Give v(6).
-51
Let o(t) be the first derivative of t**4/4 - 8*t**3/3 - 2*t**2 - 7*t + 2478. What is o(8)?
-39
Let j(t) = 4*t**2 - 13*t. Suppose 22*f - 40 = -1 + 5. What is j(f)?
-10
Let h = -20520 - -20508. Let v(s) = -26*s - 321. Give v(h).
-9
Let o(a) = 13 + 284*a**2 + 17 + 288*a**2 - a + 290*a**2 - 860*a**2. Determine o(0).
30
Let g(z) = z - 29. Let b(n) = 5*n - 118. Let f(o) = -b(o) + 4*g(o). Determine f(-12).
14
Let j(q) = q**2 - 42*q + 177. Suppose -312*v + 6068 = -148*v. Determine j(v).
-8
Let m(p) = -p**3 + 2*p**2 - 2*p - 3. Let x(k) = 4*k**2 + 31*k + 26. Let h be x(-6). Let q be (24/h)/((6/4)/(-3)). Give m(q).
-18
Suppose -g + 2 + 1 = 0. Suppose -2*j = -4*p + 6, 4*p - 5*j + 3 = -0. Let r(h) = 9*h - 10*h - p*h - 2. Determine r(g).
-14
Let j(t) = t**3 - 73*t**2 + 8*t - 51. Let c(m) = m**3 - 81*m**2 + 9*m - 50. Let n(u) = -6*c(u) + 7*j(u). Calculate n(25).
-7
Suppose 0 = 3*y - 47 + 38. Let n(p) = -11 + 0 + 2 - p**y + 5 + 3*p**2. Suppose 0*o - 4*o = -12. What is n(o)?
-4
Let d(a) = -7*a + 10. Let t be (3 + 6/(-6))/((-2)/3). Let c(h) = -10*h + 11. Let m(n) = t*c(n) + 4*d(n). Suppose -3*i = 2*i + 25. Calculate m(i).
-3
Let s(l) be the third derivative of l**5/60 - l**4/24 - l**3/2 - 2*l**2 + 3*l. Let y = -114 + 118. What is s(y)?
9
Let s(n) = 123*n**2 - 4*n + 124*n**2 + n - 246*n**2 + n - 16. What is s(-10)?
104
Suppose -2*v + 5*v - 30 = 0. Let c = -95 - -103. Let y(r) = -16*r + c + 14*r + r. Determine y(v).
-2
Suppose -4*g + m - 25 = -42, g - 2*m - 6 = 0. Let h(q) = 6*q**2 - 2*q - 3. Calculate h(g).
85
Suppose 80*n + 1716 = 223*n. Let w(d) = d**3 - 13*d**2 + 20*d - 74. Give w(n).
22
Let f be (-1900)/494 - (-1)/(-13)*2. Let g(c) = -7*c - 30. Give g(f).
-2
Let l(y) = -2*y**2 + 4*y - 2. Suppose -3*k = 10*d - 7*d - 18, -2*d + k = -18. Suppose d = 4*p, -4*z - 2*p - 2 = -7*p. Calculate l(z).
-2
Let p(g) be the first derivative of -g**2/2 + 15*g - 1693. Give p(-6).
21
Let s(m) = 9*m + 69. Suppose 5*g = 4*n - 7, 0 = 3*n - g + 4*g + 42. What is s(n)?
6
Let i(y) be the second derivative of 7*y**3/6 + 37*y**2/2 + 50*y. Let u be i(-6). Let s(f) = f + 3. What is s(u)?
-2
Let x(a) = a**3 + 19*a**2 - 39*a + 59. Suppose 115 = -5*d + 2*j, 2*d + 99*j - 101*j = -52. What is x(d)?
-4
Let z(m) = 2*m - 1. Suppose 7*h + 5*a + 24 = 9*h, 4*h = -2*a. Suppose -3*g = -h*g + 4*s - 22, 5*s = 25. What is z(g)?
3
Let b(w) = 4 + 8 - 1 + 